 (7 + (7 - 12)))
-19
What is the value of -1 + (-2 - -2) + 6 + (-13 - 1)?
-9
What is -5 + 1 + (110 - 111 - (1 + 8))?
-14
Evaluate -3 + (-17 - -2 - -27).
9
Calculate 7 + 3 + (3 + 4 - 14).
3
-23 + (37 - 21) + -24
-31
What is the value of -5 + (9 - (-4 + -5 + (6 - -9)))?
-2
-15 + 4 + -6 - (-85 - -92)
-24
4 - ((-1 - 4 - -21) + (-5 - 1))
-6
What is the value of (-15 - (-4 - 12)) + 6?
7
Evaluate 0 + 4 + 5 + 42 + -66.
-15
Evaluate (-61 - -53) + -2 + 1 + -3.
-12
What is the value of -30 + (-28 + 21 - -23)?
-14
What is the value of 13 + (1 - 1) - ((-77 - -44) + 35)?
11
(-20 - -19) + -4 + 3 + -3 + -13
-18
What is -12 - (-1 + -6 + -7 + 18 + -5)?
-11
What is the value of -1 - 22 - (90 - 106)?
-7
What is the value of (0 - 0) + -16 + (1 - -19)?
4
What is -409 + 401 + (-10 - 0)?
-18
Calculate 112 - 129 - (0 + -31).
14
What is the value of 3 - (-3 - (-3 - 0)) - (-12 - -14)?
1
What is 0 + 2 + (-9 - (-32 + 16))?
9
What is -8 - (0 + 4 - (6 + -7 + 8))?
-5
Calculate -29 - -5 - -37 - -7.
20
-4 - (-4 + (-1 - 5))
6
Calculate 7 + -2 - (2 + -7 + 7).
3
-22 + 1 + (-20 - -61)
20
Calculate -1509 + 1521 - (7 - 1).
6
Evaluate (8 - (25 + 4)) + 5 - -9.
-7
What is the value of 2 + -7 + 15 - 12?
-2
Calculate -1 + -19 + 6 + -14.
-28
Calculate -8 + 21 + (-4 - -10) - 2.
17
What is the value of 1 + -17 + 10 + (0 - -5)?
-1
1 + -1 + (0 - 10) + 12
2
What is 2 + -2 + -9 - (-29 + 3)?
17
What is the value of (0 - 1 - (-25 + 35)) + 21?
10
Evaluate -9 - (-5 - (38 + 3 + -7)) - 1.
29
What is 11 + (-12 - -13) + 7?
19
What is the value of 5 - 3 - (249 - 253)?
6
What is 1 - (33 + -29 - (15 - 2)) - -15?
25
-2 - (-2 + -9) - (-2 + 1 + 2)
8
Evaluate -27 - -15 - (-9 + -14).
11
Calculate -8 + (-9 + (-7 - -17) - (13 + -3)).
-17
Calculate (-4 - 10) + ((1 - -1) + 2 - -2).
-8
-9 + 28 + -3 + -1 + (-18 - -13)
10
Calculate -12 - (-15 + (20 - 27)).
10
24 - (18 - (-8 - -10 - -7))
15
Evaluate 15 - -2 - (-183 - -187).
13
-3 + (11 - 3) + (-84 - -91)
12
Evaluate 16 + 12 + 5 + -34.
-1
What is the value of (-3 - 1 - -2) + -12 + 17?
3
1 + -20 + 6 + -6 - (0 + -9)
-10
Evaluate 0 - ((-24 - (12 + -23)) + -1).
14
-14 + (-17 - -9) + 42
20
Calculate -3 + (-14 - (-10 + 3)).
-10
Calculate 15 + -8 - ((64 - 74) + 5 + 0).
12
Evaluate 34 - (18 - -1 - (-337 + 343)).
21
What is -1 + -2 + (10 + 1 - 7) + 6?
7
Calculate -1 + -7 + (-34 + 6 - -14).
-22
(3 - -14) + 7 + -27
-3
13 + (-4 - (7 + -11)) - 6
7
Calculate -2 - (4 + -1 + -24 + 10).
9
(26 + -4 - 12) + 10
20
(14 + -29 + 8 - 7) + 2
-12
Calculate -6 - (-8 - (6 + -23)) - -12.
-3
Evaluate -45 + -84 + 124 + (0 - 12).
-17
Calculate 8 + -8 - (-4 + 4 + -2).
2
Calculate (3 - -13 - -1) + -6.
11
Evaluate -83 + 43 - ((5 - 17) + 1).
-29
What is (1 - 15) + (9 - 7 - -2)?
-10
1 + (4 - (-9 + 6 - (2 - 8)))
2
What is (-12 - -16) + 11 - 24?
-9
What is the value of 1 - (-10 - (-3 - 32))?
-24
Calculate 8 + 9 + -10 + -6.
1
What is the value of (-17 - 3) + (-77 - -85)?
-12
6 + -3 - (4 + 23 + -12)
-12
What is -19 - (12 - (26 - -5))?
0
Calculate 0 - 8 - (44 + -50).
-2
What is the value of -10 - (14 - (-15 + 32) - (-1 - -28))?
20
What is -2 + -1 + 9 - ((-15 - -15) + -8)?
14
What is the value of (1 - (13 - 3)) + (19 - -10) + -45?
-25
Calculate -1 - -14 - (219 + -216).
10
(28 - (19 - 16)) + -5
20
What is 2 + (-29 - -22) - -3?
-2
Calculate (0 - -1) + 1 - (3 - (-16 + 16)).
-1
What is (-9 - 7) + 14 + -11?
-13
What is 17 + -30 + 10 + 14?
11
0 + -6 + (-4 - -6)
-4
Calculate -3 - ((-11 - -3) + 4).
1
(67 - 27) + -5 + -8
27
7 + (-15 - (-7 + 13 + -8))
-6
(-11 - 0) + 7 + 5 + -4 + -11
-14
What is the value of -3 - (-3 + 18 + -10)?
-8
Evaluate 7 - (-6 - (-11 - -12)).
14
Evaluate -1 + 19 + 1 + 1 + 138 + -149.
9
Calculate 16 + -20 - 4 - 8.
-16
What is 13 + (11 + -10 + 11 - 8)?
17
What is (-11 - -20 - -6) + -3?
12
(0 - 0) + (62 - 60) + -7
-5
Evaluate (-11 - 0) + (-5 + (4 - 5) - -4).
-13
What is -7 + 29 + -13 + (-4 - 3) + 22?
24
Calculate 1 - (20 - (1 - -9)).
-9
-6 + (22 - 9) + -3
4
-13 + (-5 - (-19 + 28 + (-18 - 2)))
-7
What is 38 + (-15 - (60 - 33))?
-4
-5 + (-2 - (-12 - 0)) + 0 - 2
3
-8 + (20 - (10 + 0))
2
Evaluate 25 - ((7 - 1) + (30 - (54 - 26))).
17
64 + -3 + -2 + -35
24
What is 13 - ((1 - -3) + 1 - (-17 - -16))?
7
What is -13 - (-9 + (6 - 3)) - -2?
-5
Evaluate -10 + (53 - -1) + (-32 - -17).
29
Calculate 2 + (25 - 3) + -9.
15
What is -2 - -9 - (-4 + 6 + -9 + 10)?
4
What is 9 + -2 + 18 - 15?
10
Evaluate -6 - -25 - 7 - 12.
0
What is -7 + (14 - (2 - -21))?
-16
What is 5 + 19 - (5 - (-1 - -5)) - 4?
19
Evaluate (-8 - -42) + -15 - 6.
13
What is 12 - (38 - ((19 - 7) + 1 - 11))?
-24
-2 + (-1 - 3 - -11) - -21 - 3
23
Evaluate 21 - (24 - 13) - 15.
-5
Calculate 1 + 22 + 0 + (-546 - -538).
15
Evaluate 7 - (17 + (-19 - -23)).
-14
What is the value of 9 + -2 + (-3 - (-1 - 4 - -8))?
1
Calculate 21 + 6 + (-19 - -10) + -9.
9
Calculate 11 - 5 - (-231 + 255).
-18
What is the value of 13 - (-18 + 5) - (9 - -8)?
9
7 + (-1 - 12 - (8 + 4 + -18))
0
What is the value of -5 + (-19 - -37) + -7?
6
What is the value of (2 - 4) + (-3 - -3) - (115 - 123)?
6
What is the value of 3 + (-4 - (-9 + 7) - -3 - 1)?
3
What is -34 - (22 + -18) - -15?
-23
Evaluate (-3 - -11) + 5 + 9 + (-6 - 4).
12
Calculate 3 - -4 - (-11 - -22).
-4
Calculate -18 + (-5 - (-36 + 7)).
6
What is 0 + 13 + -9 + 0 + -5 + 13?
12
What is the value of 47 - (-4 - (-3 + 15) - -31)?
32
Evaluate -12 - (-14 - (-23 - -16)).
-5
What is the value of (8 - (1 - -14)) + 1 + -3?
-9
What is -15 - (0 + (-4 - (-2 - (-1 - 2))))?
-10
Evaluate 2 - 18 - (-6 + -2) - 1.
-9
What is the value of -20 + 22 + 20 + -30?
-8
0 + 1 - (10 + (-7 - (1 + 2)))
1
What is 18 + -1 + -14 + 4?
7
What is 0 + 3 + -1 - (16 + -12)?
-2
26 - (38 - -25 - 24)
-13
What is 3 + (-8 - -14) - (-4 + 8 - 19)?
24
-8 - ((-39 - -40) + 0 + -5)
-4
Calculate 3 + -1 - (-1 + 7 + -7).
3
Evaluate -9 - (-8 + 8 - 3 - -3).
-9
Calculate -14 - (8 - 0 - 14).
-8
What is the value of -11 + (-10 - -12) + 3?
-6
(16 + -10 - -3 - 1) + 0
8
What is -15 + 1 - (-17 + -4 + 20)?
-13
-39 - (64 + -32 - 55)
-16
What is 0 - (11 - (-28 - (-15 - -9) - -2))?
-31
Calculate -12 + (37 - 10 - 11 - -8).
12
(-12 + 23 - -2 - -2) + 4
19
Evaluate 4 + (-7 - -16 - 14) - (-1 + 6).
-6
What is the value of (-53 - -78) + (1 - 43)?
-17
What is the value of (5 - 5) + (1 - 4) + -2?
-5
Calculate -108 + 93 + -3 + 1.
-17
8 + 2 + (-5 - -9) + -5
9
Calculate -16 + 4 + -23 + 8.
-27
5 - -3 - (-2 - (6 + -1 + 2))
17
What is (-1 - -43) + (2 + 10 + -5 - 18)?
31
What is -5 + -17 + (-13 + 3 - -13)?
-19
Evaluate -17 + -11 + -14 + 43.
1
-1 + -24 - (16 + -18)
-23
What is 3 + -12 + 1 + 9 + -10 + 1?
-8
What is the value of -95 + 87 - (3 + (4 - 2) + 3)?
-16
Calculate 6 + -19 + 11 + -2 + 21.
17
What is (26 + -25 - (-1 + 0)) + -9?
-7
What is 4 + 5 - (-3 + -1 - 0)?
13
Calculate 3 + 1 + -15 + -57 + 51.
-17
Calculate 12 - (-13 + -7 + 24).
8
Evaluate (10 - -13) + -26 + -4 + 2.
-5
Calculate 12 - (-16 - (19 + -36)).
11
Calculate -215 + 223 + (-1 + -1 - 6).
0
-8 + (3 - (6 + -8 - -8)) + 4
-7
Calculate (190 - 184) + (1 - (1 - 9)).
15
What is 18 + (-10 - -2) + (7 - 12 - -7)?
12
Calculate -23 - (-18 + -18 + 17 - -3).
-7
Evaluate (7 - -11 - 0) + -4.
14
Evaluate (-25 - -20) + 19 + -17.
-3
Evaluate (35 - -4) + -8 + 16 + -10 + -7.
30
Calculate -14 + (-11 - 31 - -34).
-22
What is (2 - 5) + 16 + 1 + 2 + 4?
20
What is (47 - 40) + -33 - (-16 + 2)?
-12
Calculate -12 + (20 - 7) + -13.
-12
What is the value of (-44 - (-5 + -5)) + 10?
-24
Evaluate -3 + -8 - (0 - 3) - (3 + 4).
-15
What is -61 + 74 + (-2 - 3) + -28?
-20
What is (-1 + 2 - -4) + 4 - 11?
-2
21 + 8 + 10 + -20
19
What is the value of -37 - -43 - (-1 - -5)?
2
Calculate 13 - (-1 + -7 + 1 + 2 - -3).
15
Evaluate 3 + -2 - 7 - (-6 + -4 - 16).
20
Calculate 18 + -6 + 8 + -6.
14
What is the value of -23 - (6 - (29 - -4))?
4
What is the value of 0 - 2 - -16 - (-9 - (-10 + -6))?
7
Calculate (-1 - -4 - (-117 - -111)) + (-10 - -2).
1
What is the value of 4 - 3 - (7 + -37 + 15)?
16
Calculate (22 - 32 - -20) + -10.
0
Evaluate -3 - (7 + 38 - 19).
-29
((1 - 0) + 0 + 1 - -4) + -19
-13
Calculate (19 - 6 - -3) + 11 + -2 + 0.
25
(8 - 7) + -10 + -2
-11
What is the value of (-2 - 1) + (31 - -9) + -12?
25
(7 - -2) + (5 - -1) + (-2 - 0)
13
0 + (1 - (9 - (3 - (2 + 4))))
-11
2 + 20 + -12 - 3
7
Calculate -5 - ((3 - 3) + (2 - (3 - 2))).
-6
What is the value of -42 + 41 + 49 - 28?
20
Evaluate (84 - 87) + 